 w(g).
8
Let h(t) = 1 + 4 + t + 0. Let l(d) = d**2 - 31*d + 79. Let r be l(28). What is h(r)?
0
Let j(u) = u + 1. Let x be 5/(-50)*-5*4. Let g = -4 - x. Give j(g).
-5
Let g = -271 + 278. Let d(z) = -4*z + 8. Give d(g).
-20
Let z = -27 + 32. Let p(y) = 1 - 2*y + z - 4 + 0. Calculate p(-2).
6
Let k(v) = v**2 + 8*v - 3*v - v**3 - 4*v - 2*v**2 + 12. Let y = 42 - 20. Let b = y + -22. What is k(b)?
12
Let s(a) = a**3 - 5*a**2 - 7*a + 8. Let q = -38 + -21. Let z be 3/(-7) - q/7. Suppose -4*m - 5 = -5*d + 9, 2*m - z = 0. Determine s(d).
2
Let j = -2095 + 2100. Let l(v) = 9*v + 3. What is l(j)?
48
Let o(v) = -1 + 12*v + 11*v + 2*v**2 + 14*v - 36*v. What is o(4)?
35
Let u(l) = -l**3 - 4*l**2 - 3*l - 3. Suppose 7*w + 17 + 4 = 0. What is u(w)?
-3
Let s(w) = 6*w + 2. Let l be s(4). Suppose -3*p - 4*q - 34 = 0, -6*p - l = -p - q. Let t be 1 + 5 - p/(-2). Let z(b) = b - 4. What is z(t)?
-1
Let r(b) = -4*b**3 - 2*b**2 + 4. Let w(i) = 9*i**3 + 5*i**2 - 8. Let f(m) = 7*r(m) + 3*w(m). Let p be (3 + -3)/((-6)/(-3)). What is f(p)?
4
Let v(l) = -16*l**2 + 19*l - 66. Let d(m) = -3*m**2 + 4*m - 13. Let b(s) = 11*d(s) - 2*v(s). Calculate b(3).
-2
Let f(s) = 4*s - s**2 + 936 - 1884 + 942. Calculate f(4).
-6
Let z = -461/3 - -615/4. Let t(h) be the second derivative of -2*h**2 - 5/6*h**3 + 0 - z*h**4 + 3*h. Determine t(-4).
0
Let q(s) be the second derivative of 0 + 1/12*s**4 - 5/2*s**2 + 1/6*s**3 + 24*s. Give q(0).
-5
Let q(s) = -s**2 - 2*s - 3. Let a(w) = -w + 1. Let h be a(3). Let r be -1*((-12)/20 - 36/(-10)). Let v be r/12*-6*h. Give q(v).
-6
Let x(u) = -2*u**3 + 13*u**2 + 7*u + 29. Let k(g) = g**3 - 7*g**2 - 3*g - 14. Let z(j) = 5*k(j) + 2*x(j). What is z(9)?
-21
Let q(g) be the first derivative of 7*g**4/24 - g**3/6 + 13*g**2/2 + 12. Let w(i) be the second derivative of q(i). Calculate w(-2).
-15
Suppose -5*n - 4*y - 30 = -3*n, 0 = 2*y - 6. Let g = -17 - n. Suppose 0 = -g*d + 11 + 9. Let f(h) = h**2 - 3*h - 1. Calculate f(d).
9
Let b(a) = -2*a**2 - 2*a + 2. Let y be b(0). Let g(o) = 13 + y*o + 18 - 34. What is g(-4)?
-11
Let z(m) = -87*m - 94. Let w(t) = -29*t - 35. Let n(k) = 8*w(k) - 3*z(k). What is n(1)?
31
Let u(l) be the second derivative of -34*l - 1/3*l**3 + 0 + 1/2*l**2. What is u(-2)?
5
Suppose -2*o = -0 - 8. Suppose -o*d - 18 = d - 3*v, d + 3*v = 0. Let j(n) = -n**3 - 3*n**2 + n - 2. What is j(d)?
-5
Let n(i) = -i**3 + 11*i**2 - 10*i + 12. Suppose 5*f = 5*x - 30, -f - 34 = -3*x - 8. What is n(x)?
12
Let o(h) be the second derivative of -h**5/20 - h**4/6 - h**3/3 - h**2/2 - 15*h. Give o(-2).
3
Let f(i) = 5 + i**3 + 1 - i**2 + 6*i**2 + 0*i**3 + 2*i**2. Determine f(-7).
6
Let m(q) = q**2 - q. Let v = -127 - -144. Suppose 7*c + 4 = -v. What is m(c)?
12
Let v(m) = -m**3 + 3*m**2 + 3*m + 3. Let k be v(3). Let h be (-1 + -1)/(k + -10). Let s be -2 - (-3 - (h + -6)). Let z(y) = y + 6. What is z(s)?
0
Let r(w) = -4. Let v(q) = 3*q + 17. Let m(y) = -7*r(y) - v(y). Calculate m(9).
-16
Suppose -2*n - 1 - 5 = 0. Let a(l) = -3*l**3 - 7*l**2 + 3*l - 11. Let m(v) = 2*v**3 + 5*v**2 - 2*v + 6. Let w(s) = 3*a(s) + 5*m(s). What is w(n)?
9
Let t(g) = -2*g - 4. Let p be ((-2)/(-3))/(-1) + (-198)/(-54). Let d(a) = -2*a**2 + 5*a - 2. Let j be d(p). Determine t(j).
6
Let l(x) = -x**2 - x - 1. Suppose 0*a = 4*a - 8. Let q(b) = -3*b + 2 - 2*b**2 + 4*b**a - 1 - b**3. Let i(h) = 4*l(h) - q(h). Give i(6).
-11
Let w(t) be the third derivative of t**6/120 - 2*t**5/15 + 2*t**3/3 + t**2. Let d(j) = j**3 - j**2 - 16*j + 8. Let l be d(0). Determine w(l).
4
Let q(c) = 12*c. Let t = 1285 - 1284. What is q(t)?
12
Suppose 62*y = -114 + 362. Let n(q) = q**2 + 2. Determine n(y).
18
Let v(a) = 3*a**2 + 3*a + 10. Let i(s) = -2*s**2 + s + 1. Let y(f) = -2*i(f) - v(f). Calculate y(6).
-6
Let u(g) be the first derivative of g**3/3 + 15*g**2/2 + 62*g + 301. Give u(-7).
6
Let o(k) = -k**3 + 2*k**2 - k + 1. Suppose 0 = -4*w - 18 + 2. Let t be 2/1 - 5 - w. Calculate o(t).
1
Let b = -4303 - -4292. Let n(w) = 9 + 1 - 4*w**3 + 3*w**3 - 12*w**2 - 10*w. Give n(b).
-1
Suppose -30 + 30 = -4*f. Let q(p) = -8 - 3*p**2 + 4*p**2 - 8. Calculate q(f).
-16
Let n = 3 + 8. Let a(v) = 17*v - n*v + 1 - 14*v. Give a(-1).
9
Let m(y) = 2*y**2 + 3 - 7*y**2 - y - 3*y**2 - 4. What is m(-1)?
-8
Let k(b) = 7*b**3 + 13*b**2 - 9*b + 18. Let v(n) = -5*n**3 - 13*n**2 + 10*n - 17. Let h(w) = -3*k(w) - 4*v(w). Determine h(12).
2
Let x(r) = -807*r + 797*r + 12 - 4*r**2 + 11*r**2 + r**3. Determine x(-9).
-60
Let g(z) = 2*z**3 - 8*z**2 + 3*z + 10. Let o(b) = -b**3 + 7*b**2 - 2*b - 9. Let v(w) = 2*g(w) + 3*o(w). Give v(-5).
-7
Let t(s) = 4 + 0*s**2 - 3*s**2 + 1 + 5*s - s**3. Let a be (1/(-2) - ((-280)/16 + 15))*-2. Calculate t(a).
1
Let a(c) = c**2 + 5*c + 6. Let t be a(-4). Let v(j) = -5*j + 4*j + t*j**2 + 0*j + 10*j**2. Let n(k) = k - 3. Let g be n(4). Calculate v(g).
11
Let d(r) be the second derivative of 0*r**3 + r**2 + 32*r + 0 - 1/20*r**5 - 1/6*r**4. Give d(2).
-14
Let p(z) be the third derivative of -z**5/60 + 5*z**4/24 - z**3/2 - 7*z**2 + 2. Give p(5).
-3
Let y = -360 + 365. Let o(g) = 5*g + 1. Let v(t) = 10*t + 7. Let j(w) = 5*w + 3. Let k(x) = 5*j(x) - 2*v(x). Let p(q) = y*k(q) - 4*o(q). Calculate p(2).
11
Suppose -4*j + 15 = -k - 58, -5*j + 80 = -5*k. Let m(o) = -12 + o - 6 + j. Determine m(4).
5
Let v(z) be the third derivative of -z**5/60 + 19*z**4/24 - 5*z**3 - 173*z**2 - z. Calculate v(17).
4
Let h = 0 + -12. Let x = 10 + h. Let m(j) = -2*j**2 - 2*j - 2. What is m(x)?
-6
Let a(y) = 3*y**3 + y**2 + y + 1. Let j(l) = l**3 - 5*l**2 - 1. Let n = -10 - -15. Let k be j(n). Give a(k).
-2
Let h(n) = -n**3 - 7*n**2 - n + 2. Suppose 5*g = -23*a + 26*a - 4, 2*g = -5*a - 45. Calculate h(a).
9
Let k be -14 + 19 + (0 - 7). Let b(q) = -q**2 - q + 2. What is b(k)?
0
Let k(b) = b**2 - 15*b + 4. Let y(h) = -2*h**2 + 35*h - 8. Let t(r) = -9*k(r) - 4*y(r). Calculate t(-4).
0
Let r(l) = 7*l - 5. Let d(t) = -3*t + 2. Let s(n) = 10*d(n) + 4*r(n). Suppose -25 = 5*p, 12 = -4*g - 5*p + p. What is s(g)?
-4
Let c(o) be the third derivative of -o**6/120 - 7*o**5/60 - o**4/4 + 4*o**3/3 - 55*o**2 + o. What is c(-6)?
8
Let j(w) = -w**3 + 7*w**2 - 4*w + 7. Let v(c) = -2*c**3 - 28*c**2 - c - 8. Let h be v(-14). What is j(h)?
19
Let n(o) = o**3 + 8*o**2 + 6*o + 12. Let p(t) = -6*t + 10. Let f be p(3). Determine n(f).
-36
Let a(i) = -6*i**2 + 15*i + 12. Let o(s) = -2*s**2 + 5*s + 4. Suppose y = -2*y - 18. Let c(f) = y*a(f) + 17*o(f). Let b be 25/(-5)*4/(-5). Give c(b).
8
Let v(r) = r**3 - 7*r**2 + r + 7. Let x(q) be the second derivative of q**5/20 + q**4/2 + q**3/6 + 13*q**2/2 - 17*q. Let w be x(-6). Give v(w).
14
Let r(s) = 6*s**2 + 2*s + 2. Let g(p) = p**2 - 1. Let u(m) = g(m) + r(m). Let j be ((-5)/((-25)/10))/(-2). What is u(j)?
6
Let y(b) = 5*b**3 - b**2 + 3*b + 3. Let l(s) = s + 1. Let u(p) = -2*l(p) + y(p). Suppose 2*d + 4*r = -18, d = 2*r - 3*r - 5. Calculate u(d).
-6
Let x(r) = -7*r + r**2 + 103*r**3 - 29*r**3 - 37*r**3 - 8*r**2 - 38*r**3. Calculate x(-5).
-15
Let h(t) = 4*t**2 + 6*t + 10. Let u = -708 + 704. Determine h(u).
50
Let f(r) = r - 3. Suppose 5*w = 3*s + 43, -2*w - s + 5*s = -20. Let i = 24 - w. Suppose i*j = 11*j. Calculate f(j).
-3
Let u(d) = -d**2 + d - 1. Suppose 0 = g - 5*m + 3 + 21, -5*g + 25 = 4*m. Determine u(g).
-1
Let s(v) = -v**3 - 8*v**2 - 3*v + 1. Suppose 9 = 3*c + 3. Suppose c*r + 10 = 4*a, -2*r - 4*a - 9 = 9. Give s(r).
-27
Let a(q) = -q - 2. Let f be 1 + 1 + 462/(-6). Let y = -82 - f. Calculate a(y).
5
Let z = 2 - 9. Let r be z*12/(-3 - 0). Suppose 4*l + 27 - 5 = -5*h, 0 = 4*l + 2*h + r. Let n(y) = -2*y - 11. What is n(l)?
5
Suppose -4*u = -10*u. Let z be (-56)/8 + u + -1. Let r(b) = b**3 + 7*b**2 - 9*b - 8. Determine r(z).
0
Let j(t) = t**3 - 6*t**2 + 6*t - 5. Let k be j(5). Let i(g) = g**3 - 2*g**2 - g + 4. Let b be i(k). Let o(f) = -b*f - 4 + 4*f + 2*f. Determine o(4).
4
Let o = 204 + -200. Let z(q) be the second derivative of -2*q**2 - 4*q - 1/20*q**5 + 0 - 1/6*q**o + 1/6*q**3. Calculate z(-3).
2
Let g(q) = 8*q**3 - q - 1. Suppose -4 = -4*k + 16. Suppose -69 = -k*w + 6. Suppose -12 = -5*l + l - 4*d, 0 = -l - 4*d + w. What is g(l)?
-8
Let n be -2 - (-69)/9 - (-3)/9. Let g(w) = 12 + n + w + 2 - 8. What is g(-5)?
7
Let j(l) = -l**2 - 7*l - 1. Let q = 31 - 23. Let f be (2 + (-12)/q)*0. Suppose f = 4*k + 2*k + 42. Wha